n 443987 is divided by 49?
47
What is the remainder when 3068 is divided by 235?
13
Calculate the remainder when 25598 is divided by 102.
98
What is the remainder when 23849 is divided by 24?
17
Calculate the remainder when 13107 is divided by 104.
3
Calculate the remainder when 185601 is divided by 160.
1
Calculate the remainder when 530068 is divided by 176676.
40
Calculate the remainder when 578 is divided by 17.
0
Calculate the remainder when 2679 is divided by 1822.
857
What is the remainder when 2187 is divided by 20?
7
What is the remainder when 30736 is divided by 10244?
4
What is the remainder when 194757 is divided by 360?
357
Calculate the remainder when 60457 is divided by 19.
18
What is the remainder when 10936 is divided by 166?
146
Calculate the remainder when 2733 is divided by 27.
6
What is the remainder when 5661 is divided by 52?
45
Calculate the remainder when 756416 is divided by 31517.
8
What is the remainder when 7640 is divided by 222?
92
Calculate the remainder when 1772 is divided by 323.
157
What is the remainder when 51212 is divided by 148?
4
What is the remainder when 12501 is divided by 55?
16
Calculate the remainder when 33595 is divided by 140.
135
What is the remainder when 164308 is divided by 265?
8
What is the remainder when 5569 is divided by 257?
172
Calculate the remainder when 345043 is divided by 11.
6
What is the remainder when 122504 is divided by 2?
0
Calculate the remainder when 111801 is divided by 363.
360
What is the remainder when 2501869 is divided by 1299?
1294
What is the remainder when 3894 is divided by 319?
66
What is the remainder when 566520 is divided by 37767?
15
Calculate the remainder when 207050 is divided by 812.
802
What is the remainder when 4814 is divided by 71?
57
What is the remainder when 3139 is divided by 1566?
7
Calculate the remainder when 235187 is divided by 117581.
25
What is the remainder when 17243 is divided by 76?
67
Calculate the remainder when 5407 is divided by 26.
25
Calculate the remainder when 74090 is divided by 216.
2
Calculate the remainder when 264648 is divided by 272.
264
Calculate the remainder when 17354 is divided by 59.
8
What is the remainder when 45470 is divided by 11367?
2
Calculate the remainder when 682205 is divided by 3790.
5
What is the remainder when 278059 is divided by 880?
859
Calculate the remainder when 3453756 is divided by 160.
156
What is the remainder when 427712 is divided by 130?
12
What is the remainder when 1392 is divided by 98?
20
Calculate the remainder when 6043 is divided by 189.
184
Calculate the remainder when 42950 is divided by 457.
449
What is the remainder when 58261 is divided by 5822?
41
Calculate the remainder when 336907 is divided by 682.
681
Calculate the remainder when 2578 is divided by 39.
4
Calculate the remainder when 56284 is divided by 163.
49
What is the remainder when 4922 is divided by 25?
22
Calculate the remainder when 284196 is divided by 70.
66
Calculate the remainder when 2074 is divided by 35.
9
What is the remainder when 628880 is divided by 11?
10
What is the remainder when 39317 is divided by 8?
5
Calculate the remainder when 1891 is divided by 28.
15
What is the remainder when 7354 is divided by 7353?
1
Calculate the remainder when 55388 is divided by 200.
188
Calculate the remainder when 1774750 is divided by 224.
222
What is the remainder when 3926 is divided by 1168?
422
Calculate the remainder when 12192 is divided by 530.
2
What is the remainder when 3760 is divided by 15?
10
Calculate the remainder when 4661 is divided by 1069.
385
Calculate the remainder when 3561 is divided by 3250.
311
What is the remainder when 82297 is divided by 81?
1
What is the remainder when 473 is divided by 130?
83
Calculate the remainder when 22975 is divided by 22910.
65
Calculate the remainder when 115808 is divided by 8272.
0
Calculate the remainder when 9257 is divided by 441.
437
Calculate the remainder when 3913 is divided by 222.
139
What is the remainder when 908652 is divided by 165?
162
What is the remainder when 253 is divided by 71?
40
Calculate the remainder when 4108584 is divided by 13.
12
Calculate the remainder when 12379 is divided by 12313.
66
Calculate the remainder when 1010 is divided by 360.
290
Calculate the remainder when 21440 is divided by 825.
815
What is the remainder when 6872 is divided by 6871?
1
Calculate the remainder when 674364 is divided by 1561.
12
What is the remainder when 6122 is divided by 874?
4
What is the remainder when 3742 is divided by 1157?
271
What is the remainder when 72743 is divided by 133?
125
Calculate the remainder when 2123 is divided by 527.
15
What is the remainder when 24042 is divided by 286?
18
Calculate the remainder when 23070 is divided by 378.
12
Calculate the remainder when 1569 is divided by 459.
192
What is the remainder when 37363 is divided by 1697?
29
Calculate the remainder when 274182 is divided by 68543.
10
Calculate the remainder when 620053 is divided by 535.
523
Calculate the remainder when 185849 is divided by 885.
884
What is the remainder when 6495 is divided by 2163?
6
What is the remainder when 23116 is divided by 282?
274
What is the remainder when 44134 is divided by 29?
25
Calculate the remainder when 30368 is divided by 15165.
38
What is the remainder when 5984 is divided by 293?
124
What is the remainder when 8445 is divided by 2608?
621
What is the remainder when 3598 is divided by 36?
34
Calculate the remainder when 199977 is divided by 90.
87
Calculate the remainder when 771704 is divided by 495.
494
What is the remainder when 131817 is divided by 13?
10
What is the remainder when 3982 is divided by 1502?
978
What is the remainder when 23292 is divided by 94?
74
What is the remainder when 2285319 is divided by 83?
80
Calculate the remainder when 120516 is divided by 40171.
3
What is the remainder when 8801 is divided by 3225?
2351
Calculate the remainder when 443013 is divided by 12.
9
Calculate the remainder when 1194 is divided by 60.
54
What is the remainder when 2787 is divided by 10?
7
What is the remainder when 1258 is divided by 1212?
46
Calculate the remainder when 2789 is divided by 98.
45
Calculate the remainder when 9912 is divided by 947.
442
Calculate the remainder when 673 is divided by 64.
33
Calculate the remainder when 6523 is divided by 1072.
91
Calculate the remainder when 5659 is divided by 149.
146
What is the remainder when 21691 is divided by 10842?
7
What is the remainder when 1967 is divided by 248?
231
What is the remainder when 53249 is divided by 370?
339
Calculate the remainder when 62919 is divided by 31451.
17
What is the remainder when 6871 is divided by 223?
181
What is the remainder when 3871 is divided by 42?
7
Calculate the remainder when 371348 is divided by 172.
0
What is the remainder when 279259 is divided by 479?
2
Calculate the remainder when 649 is divided by 93.
91
What is the remainder when 6539 is divided by 106?
73
What is the remainder when 7354 is divided by 2397?
163
What is the remainder when 1434824 is divided by 30?
14
Calculate the remainder when 16824 is divided by 8405.
14
Calculate the remainder when 664989 is divided by 48.
45
Calculate the remainder when 1421 is divided by 175.
21
What is the remainder when 10791 is divided by 2155?
16
What is the remainder when 40853 is divided by 13607?
32
What is the remainder when 1796289 is divided by 12?
9
Calculate the remainder when 108464 is divided by 27106.
40
What is the remainder when 1020 is divided by 32?
28
What is the remainder when 11292 is divided by 251?
248
Calculate the remainder when 245862 is divided by 30.
12
Calculate the remainder when 47528 is divided by 47488.
40
Calculate the remainder when 4264 is divided by 107.
91
What is the remainder when 2807 is divided by 141?
128
Calculate the remainder when 5244 is divided by 114.
0
What is the remainder when 30319 is divided by 40?
39
What is the remainder when 594 is divided by 569?
25
What is the remainder when 150621 is divided by 2953?
18
What is the remainder when 6805 is divided by 2?
1
Calculate the remainder when 165334 is divided by 769.
768
What is the remainder when 1606 is divided by 536?
534
Calculate the remainder when 5516 is divi